.
9
Let o(y) = -y**2 + 9*y + 53. What is o(12)?
17
Let d(o) = 11*o - 1. Calculate d(-1).
-12
Let j(k) = -k**2 - 9*k - 9. Determine j(-9).
-9
Let o(f) = f**2 + 12*f - 10. What is o(-12)?
-10
Let v(y) = y**3 - 21*y**2 - 25*y + 55. What is v(22)?
-11
Let v(h) = 8*h + 162. Determine v(-21).
-6
Let t(k) = -k**3 - 11*k**2 - 14*k + 32. Determine t(-9).
-4
Let i(c) = -30*c - 4. Calculate i(1).
-34
Let b(i) = 14*i + 160. Calculate b(-10).
20
Let f(d) = d - 6. Determine f(3).
-3
Let m(o) = o**3 - o**2 - 43*o. Give m(7).
-7
Let y(b) = -2*b**2 - 6*b - 4. Determine y(-5).
-24
Let y(s) = -16*s + 80. What is y(5)?
0
Let f(g) = g**2 - 12*g + 25. Determine f(10).
5
Let o(k) = -3*k - 174. Calculate o(-58).
0
Let i(h) = 3*h + 2. Determine i(2).
8
Let a(n) = -n**2 + 9*n - 6. What is a(7)?
8
Let j(l) = l**2 + 27*l - 93. Calculate j(3).
-3
Let f(o) = -3*o - 14. Determine f(-6).
4
Let h(n) = 5*n**3 + 15*n**2 + 9*n - 2. Give h(-3).
-29
Let r(f) = -3*f + 18. Determine r(7).
-3
Let h(i) = 6*i + 17. Calculate h(-6).
-19
Let z(x) = -2*x**2 + 16*x - 24. Give z(2).
0
Let z(f) = 4*f**3 - 123*f**2 + 89*f + 34. Give z(30).
4
Let w(m) = m**3 + 5*m**2 + 5*m - 2. What is w(-4)?
-6
Let g(s) = s**3 - 5*s**2 + 2*s - 11. Determine g(5).
-1
Let z(p) = p**2 + 2*p - 1. Give z(-6).
23
Let q(z) = 2*z - 43. What is q(20)?
-3
Let c(b) = b**2 + 10*b - 6. Calculate c(-11).
5
Let n(p) = -p**3 - 7*p**2 + 16*p - 22. Determine n(-9).
-4
Let k(b) = b**3 + 36*b**2 - 36*b + 39. Determine k(-37).
2
Let i(v) = -v**3 - 17*v**2 - 18*v + 6. What is i(-16)?
38
Let n(b) = 2*b - 1. Determine n(-5).
-11
Let g(z) = z**2. Calculate g(-1).
1
Let k(x) = x**2 - 44*x - 186. What is k(-4)?
6
Let q(p) = -2*p + 9. Determine q(0).
9
Let f(x) = -12*x - 2. Give f(3).
-38
Let y(o) = 21*o - 92. Calculate y(4).
-8
Let b(x) = -7*x**2 + x + 4. Calculate b(3).
-56
Let j(i) = i**3 - 8*i**2 + 2*i + 4. Determine j(9).
103
Let d(j) = -j**2 + 3*j - 3. Determine d(3).
-3
Let i(p) = 9*p + 9. What is i(2)?
27
Let m(f) = 9*f - 30. Give m(6).
24
Let d(a) = a**3 + 6*a**2 + 6*a + 6. Determine d(-4).
14
Let l(f) = -378*f - 759. What is l(-2)?
-3
Let c(w) = -4*w**2 - 3*w - 2. Calculate c(-1).
-3
Let u(d) = d**2 + 2*d. Calculate u(-4).
8
Let l(d) = 14*d - 10. What is l(4)?
46
Let p(h) = -3*h - 22. What is p(-10)?
8
Let y(c) = 19*c. What is y(-2)?
-38
Let x(l) = -l**2 - 36*l - 301. What is x(-23)?
-2
Let w(b) = b**2 + 11*b - 15. Give w(-11).
-15
Let w(d) = -16*d**2. Determine w(-1).
-16
Let g(i) = 9*i**2 + 49*i + 13. Determine g(-5).
-7
Let o(d) = -2*d**2 + d - 6. What is o(6)?
-72
Let m(z) = -7*z - 108. Give m(-24).
60
Let r(v) = v**2 - 19*v - 7. Determine r(19).
-7
Let b(v) = v**2 + 5*v - 16. What is b(-5)?
-16
Let t(p) = p**3 - 3*p**2 - 30*p + 9. Calculate t(7).
-5
Let k(u) = u**2 + 14*u + 12. What is k(-13)?
-1
Let b(y) = -y**2 + 3*y + 13. Determine b(6).
-5
Let p(u) = u**3 + 6*u**2 + 8*u + 1. Determine p(-4).
1
Let o(a) = -a**3 + 5*a**2 - 7*a + 4. What is o(4)?
-8
Let b(y) = -y**2 - 24*y + 147. Determine b(-29).
2
Let k(f) = -2*f**2 + f + 4. Determine k(2).
-2
Let s(l) = 2*l**2 - 4*l - 1. Determine s(6).
47
Let b(j) = -67*j + 19. Give b(1).
-48
Let l(c) = 2*c - 7. Give l(-12).
-31
Let j(s) = 3*s**2 + 18*s + 14. Calculate j(-8).
62
Let p(n) = n - 4. Give p(-10).
-14
Let z(w) = -7*w**2. Determine z(-1).
-7
Let j(x) = 6*x - 5. Determine j(0).
-5
Let r(m) = -m**2 + 3*m - 12. Determine r(0).
-12
Let d(s) = -2*s**3 - 19*s**2 - 21*s + 14. Determine d(-8).
-10
Let j(c) = 3*c - 6. What is j(-5)?
-21
Let z(h) = -h**3 + 10*h**2 - 5*h - 38. Determine z(9).
-2
Let v(n) = 12*n + 48. Determine v(3).
84
Let x(h) = 5*h**2 - 4*h - 6. What is x(-4)?
90
Let z(k) = -17*k + 310. Give z(18).
4
Let s(l) = 9*l**2 + 4. Determine s(-2).
40
Let c(m) = -6*m + 8. Determine c(4).
-16
Let l(j) = 40*j + 436. Give l(-11).
-4
Let w(f) = -11*f - 1. Give w(3).
-34
Let s(j) = 26*j**2 - 2*j. Give s(-1).
28
Let g(m) = 2*m**3 + 4*m**2 - 6*m + 6. What is g(3)?
78
Let d(z) = -3*z**2 + 17*z + 8. Calculate d(6).
2
Let i(g) = g**2 - 4*g + 15. Give i(5).
20
Let s(a) = -a**3 + 14*a**2 + 17*a - 37. Give s(15).
-7
Let u(d) = -10*d - 43. Calculate u(-3).
-13
Let d(r) = -r**2 + 10. Determine d(-9).
-71
Let d(z) = 4*z + 58. Determine d(17).
126
Let p(c) = -6*c + 2. Calculate p(4).
-22
Let z(w) = w**3 - 5*w**2 - 36*w - 22. Determine z(9).
-22
Let p(b) = -b**2 - 17*b - 20. Determine p(-8).
52
Let x(r) = r + 8. What is x(6)?
14
Let v(d) = 2*d**3 - 23*d**2 + 26*d + 9. Determine v(10).
-31
Let w(m) = m + 12. Give w(-17).
-5
Let y(s) = -s**3 + 4*s**2 + s - 8. Determine y(3).
4
Let w(n) = 2*n**3 - n - 2. Calculate w(-5).
-247
Let j(i) = 2*i**2 - 18*i + 68. What is j(6)?
32
Let v(k) = -k**2 + 18*k - 46. Determine v(16).
-14
Let m(y) = -y**3 + 6*y**2 + 1. Give m(6).
1
Let c(r) = -r**2 + 2*r - 6. Calculate c(0).
-6
Let a(i) = i**3 + i**2 + 2*i. Determine a(0).
0
Let w(g) = -g**2 - 2*g + 20. Determine w(4).
-4
Let l(x) = -9*x + 33. Give l(4).
-3
Let u(w) = 4*w**2 + 128*w + 4. Give u(-32).
4
Let y(j) = j**3 + 4*j**2 + 3*j + 2. Give y(-3).
2
Let o(n) = 140*n**3 - 1. Determine o(-1).
-141
Let o(d) = -d**3 + 34*d**2 - 39*d + 193. Determine o(33).
-5
Let c(w) = w**2 - 22*w + 44. Calculate c(20).
4
Let v(y) = -6*y + 2. What is v(11)?
-64
Let m(b) = -28*b**3 + b**2 + b + 1. Calculate m(-1).
29
Let x(w) = -2*w - 18. Determine x(-14).
10
Let t(d) = d**2 + 24*d - 14. Determine t(-24).
-14
Let r(f) = -f**2 - 2*f - 1. Calculate r(-1).
0
Let g(r) = r**2 + 10*r - 8. Give g(-6).
-32
Let c(i) = i**3 + 21*i**2 + 38*i - 17. Determine c(-19).
-17
Let y(t) = 22*t - 13. Determine y(2).
31
Let x(o) = 15*o + 4. Give x(-7).
-101
Let a(j) = j**3 + 3*j**2 - 9*j - 11. What is a(-5)?
-16
Let j(m) = 32*m. Calculate j(1).
32
Let w(r) = 2*r - 10. What is w(6)?
2
Let a(o) = o**3 - 25*o**2 + 63*o + 47. Give a(22).
-19
Let g(i) = i**3 - 2*i**2 + 4*i - 2. Determine g(2).
6
Let f(i) = i**3 + 7*i**2 + 6*i + 7. Calculate f(-5).
27
Let y(j) = -16*j + 86. Calculate y(5).
6
Let g(v) = -v**2 - 8*v + 18. What is g(-11)?
-15
Let z(m) = m + 34. Calculate z(-12).
22
Let j(l) = l**3 + 8*l**2 + 11*l - 4. Determine j(-6).
2
Let t(b) = -85*b + 2. Determine t(1).
-83
Let i(u) = -u**3 + 5*u**2 + 150*u - 5. Give i(15).
-5
Let d(w) = w**2 + 16*w + 14. Give d(-12).
-34
Let q(v) = -3*v - 114. What is q(-32)?
-18
Let p(h) = -2*h + 20. What is p(15)?
-10
Let x(o) = o**3 - 18*o**2 - 19*o + 8. Give x(19).
8
Let t(w) = w**2 + 4*w - 3. Calculate t(-3).
-6
Let z(b) = b**2 + 9*b - 6. What is z(5)?
64
Let b(z) = z**3 - z**2 - 14*z + 1. Give b(-3).
7
Let y(q) = q**3 + q**2 - 1. Give y(-3).
-19
Let w(n) = -n**3 - n**2 + 2*n - 3. What is w(-4)?
37
Let s(f) = f**3 - 11*f**2 - 16*f + 2. Calculate s(12).
-46
Let g(m) = m**3 + 6*m**2 + 3*m + 11. Give g(-6).
-7
Let w(a) = 5*a**3 - 33*a**2 - 13*a - 14. Give w(7).
-7
Let v(l) = l**3 - 9*l**2 - 15*l + 44. Give v(10).
-6
Let c(p) = -2*p + 12. Give c(-9).
30
Let c(k) = k**2 - 5. Give c(0).
-5
Let d(z) = 186*z - 731. Calculate d(4).
13
Let i(j) = -26*j**3 - j**2 - j + 1. Calculate i(1).
-27
Let u(y) = y + 7. Give u(-10).
-3
Let p(a) = -45*a + 123. What is p(3)?
-12
Let k(l) = -4*l + 35. Determine k(11).
-9
Let l(k) = k**3 - 17*k**2 - 108*k - 38. Calculate l(22).
6
Let c(m) = -m**2 + 5*m + 18. Determine c(8).
-6
Let k(o) = 3*o**2 + 2*o. Calculate k(3).
33
Let t(n) = 2*n**2 + 11*n - 3. Determine t(-6).
3
Let l(x) = x**3 + 3*x**2 - 2*x + 1. What is l(-2)?
9
Let g(l) = 4*l**2 + 2*l - 1. Determine g(1).
5
Let u(j) = -j - 9. Determine u(-8).
-1
Let p(a) = -a**3 - 7*a**2 - 2*a - 5. Determine p(-7).
9
Let c(y) = -y**3 - 2*y**2 + 7*y + 6. Determine c(-4).
10
Let j(d) = d**2 - 17*d - 15. What is j(18)?
3
Let z(o) = -o**2 - 13*o - 35. What is z(-10)?
-5
Let u(w) = -w**3 - w - 42. Give u(0).
-42
Let v(f) = -f - 4. What is v(5)?
-9
Let u(b) = -11*b + 8. What is u(1)?
-3
Let t(d) = d - 14. Determine t(8).
-6
Let z(t) = 2*t**2 + 32*t - 32. What is z(-17)?
2
Let u(y) = 2*y**2 - 3*y + 1. What is u(-4)?
45
Let b(c) = -9*c - 118. What is b(-13)?
-1
Let i(j) = -j**3 - 18*j**2 - 19*j + 23. Calculate i(-17).
57
Let f(z) = -10*z + 7. Determine f(4).
-33
Let m(d) = d**3 + 17*d**2 - 37*d + 21. Determine m(-19).
2
Let d(b) = -11*b**2 - b. What is d(2)?
-46
Let a(i) = -i**2 - i + 7. Give a(3).
-5
Let k(c) = c - 7. What is k(4)?
-3
Let y(u) = -u**3